1
What are the prime factors of 1209128292?
2, 3, 33586897
List the prime factors of 225012992.
2, 878957
What are the prime factors of 32357432?
2, 47, 1831
What are the prime factors of 1788900263?
1788900263
What are the prime factors of 19941798?
2, 3, 3323633
List the prime factors of 1048637593.
29, 137, 263941
List the prime factors of 149231634.
2, 3, 71, 137, 2557
List the prime factors of 102303210.
2, 3, 5, 599, 5693
List the prime factors of 1170025712.
2, 3137, 23311
What are the prime factors of 90524072?
2, 11315509
List the prime factors of 216581459.
773, 280183
What are the prime factors of 8790499?
139, 63241
What are the prime factors of 257492691?
3, 28610299
What are the prime factors of 1855096252?
2, 1931, 240173
What are the prime factors of 8386700?
2, 5, 7, 11981
List the prime factors of 32782848.
2, 3, 7, 3049
What are the prime factors of 53754362?
2, 41, 655541
What are the prime factors of 2202845687?
7, 4211, 74731
What are the prime factors of 130227523?
499, 523
What are the prime factors of 105784994?
2, 7, 59, 83, 1543
List the prime factors of 151846960.
2, 5, 1898087
What are the prime factors of 1254516021?
3, 11, 19, 60631
What are the prime factors of 5732317133?
41, 139812613
List the prime factors of 743254847.
41, 18128167
What are the prime factors of 22432057?
22432057
List the prime factors of 1096809.
3, 7, 29, 1801
List the prime factors of 45789567.
3, 2141, 7129
What are the prime factors of 1460394895?
5, 6269, 46591
List the prime factors of 42488678.
2, 17, 113, 11059
What are the prime factors of 847845443?
31, 27349853
What are the prime factors of 192128914?
2, 96064457
What are the prime factors of 346339430?
2, 5, 34633943
What are the prime factors of 318924200?
2, 5, 7, 107, 2129
List the prime factors of 2040398429.
17, 19, 1901, 3323
What are the prime factors of 1431893795?
5, 107, 761, 3517
List the prime factors of 46174873.
17, 29, 229, 409
What are the prime factors of 322292222?
2, 7, 17, 79657
List the prime factors of 28089443.
28089443
List the prime factors of 147035064.
2, 3, 11, 241, 2311
What are the prime factors of 1934591832?
2, 3, 241, 111491
List the prime factors of 723950818.
2, 361975409
List the prime factors of 95047470.
2, 3, 5, 7, 150869
What are the prime factors of 9104878003?
13, 17, 23, 53, 33797
List the prime factors of 100606402.
2, 13, 53, 73009
List the prime factors of 1792489268.
2, 23, 19483579
What are the prime factors of 90989698?
2, 45494849
List the prime factors of 12903017.
17, 759001
What are the prime factors of 2594113618?
2, 4691, 276499
List the prime factors of 93953115.
3, 5, 61, 3803
List the prime factors of 180364131.
3, 19, 351587
List the prime factors of 179144011.
17, 557, 18919
What are the prime factors of 34222117?
29, 1180073
List the prime factors of 2938015372.
2, 19, 79, 489343
What are the prime factors of 42878145?
3, 5, 2858543
List the prime factors of 1192340.
2, 5, 59617
List the prime factors of 694178070.
2, 3, 5, 59, 173, 2267
List the prime factors of 93453980.
2, 5, 4672699
What are the prime factors of 633347107?
659, 961073
What are the prime factors of 30308246?
2, 17, 479, 1861
List the prime factors of 3471377169.
3, 13, 17, 29, 180547
What are the prime factors of 154102471?
293, 525947
What are the prime factors of 5438514621?
3, 353, 839, 6121
What are the prime factors of 2559139?
11, 83, 2803
What are the prime factors of 1496585983?
101, 103, 263, 547
List the prime factors of 149247879.
3, 11, 17, 223, 1193
What are the prime factors of 646008745?
5, 3061, 42209
What are the prime factors of 7093882?
2, 43, 82487
What are the prime factors of 24535064?
2, 3066883
List the prime factors of 192551223.
3, 2689, 23869
What are the prime factors of 868247422?
2, 7, 59, 1051147
What are the prime factors of 4258481930?
2, 5, 1789, 238037
What are the prime factors of 689634886?
2, 17, 67, 97, 3121
List the prime factors of 107436601.
967, 111103
List the prime factors of 114594506.
2, 13, 197, 1721
List the prime factors of 2882254.
2, 1441127
List the prime factors of 2611237801.
8537, 305873
List the prime factors of 2840293.
23, 123491
List the prime factors of 58167778.
2, 17, 19, 127, 709
What are the prime factors of 3067114140?
2, 3, 5, 19, 233, 1283
List the prime factors of 71848710.
2, 3, 5, 798319
List the prime factors of 88123182.
2, 3, 7, 2098171
What are the prime factors of 61509238?
2, 7, 4393517
What are the prime factors of 158894902?
2, 23, 31, 111427
What are the prime factors of 81771215?
5, 16354243
What are the prime factors of 2820287129?
11, 83, 281, 10993
What are the prime factors of 282784784?
2, 37, 477677
What are the prime factors of 1214034571?
24077, 50423
List the prime factors of 208025659.
283, 735073
List the prime factors of 255856240.
2, 5, 73, 193, 227
List the prime factors of 52782924.
2, 3, 4398577
List the prime factors of 86744850.
2, 3, 5, 578299
List the prime factors of 4744295.
5, 53, 17903
List the prime factors of 1856024841.
3, 11, 4703, 11959
List the prime factors of 1449256471.
13, 59, 107, 17659
List the prime factors of 157763343.
3, 52587781
List the prime factors of 1565508666.
2, 3, 4691, 55621
List the prime factors of 96930461.
96930461
List the prime factors of 661084116.
2, 3, 7, 11, 29, 24671
What are the prime factors of 883904014?
2, 7, 1847, 34183
What are the prime factors of 276053976?
2, 3, 11, 348553
List the prime factors of 1645664156.
2, 347, 1185637
List the prime factors of 83727193.
11, 17, 389, 1151
List the prime factors of 19001783.
19001783
What are the prime factors of 525498124?
2, 19, 37, 186877
List the prime factors of 1910479631.
23663, 80737
What are the prime factors of 20384102?
2, 10192051
What are the prime factors of 2200370291?
7, 314338613
List the prime factors of 1995182105.
5, 7, 57005203
What are the prime factors of 7755927?
3, 17, 152077
What are the prime factors of 302926758?
2, 3, 131, 385403
List the prime factors of 4171157114.
2, 131, 15920447
What are the prime factors of 684115875?
3, 5, 67567
List the prime factors of 2371661519.
3947, 600877
List the prime factors of 3152948091.
3, 1050982697
List the prime factors of 64864564.
2, 16216141
List the prime factors of 2245476430.
2, 5, 19, 23, 513839
List the prime factors of 3303508652.
2, 1459, 566057
What are the prime factors of 33418205?
5, 6683641
List the prime factors of 157805015.
5, 31561003
List the prime factors of 320861841.
3, 53, 263, 7673
List the prime factors of 104529497.
2689, 38873
What are the prime factors of 396765643?
461, 860663
What are the prime factors of 1090215641?
1090215641
List the prime factors of 3774959883.
3, 1831, 25453
List the prime factors of 21784460.
2, 5, 1089223
List the prime factors of 442887480.
2, 3, 5, 7, 8369
List the prime factors of 571161967.
23, 24833129
List the prime factors of 71440363.
233, 379, 809
What are the prime factors of 860164391?
860164391
What are the prime factors of 1759994459?
1759994459
What are the prime factors of 148409183?
13, 31, 37, 269
What are the prime factors of 64411302?
2, 3, 37, 290141
List the prime factors of 19071001.
173, 110237
What are the prime factors of 55373931?
3, 73, 89, 947
List the prime factors of 145435066.
2, 7, 127, 157, 521
What are the prime factors of 493907755?
5, 11, 19, 472639
List the prime factors of 5505883.
5505883
What are the prime factors of 178246706?
2, 11, 1559, 5197
List the prime factors of 111669745.
5, 11, 19, 106861
What are the prime factors of 2745491208?
2, 3, 114395467
What are the prime factors of 97351801?
19, 23, 222773
List the prime factors of 152466070.
2, 5, 19, 802453
What are the prime factors of 105306738?
2, 3, 17, 1032419
List the prime factors of 286894434.
2, 3, 149, 320911
List the prime factors of 1228663230.
2, 3, 5, 40955441
What are the prime factors of 1073510305?
5, 7, 17, 1804219
What are the prime factors of 144939077?
23, 1801, 3499
List the prime factors of 78067099.
11, 103, 68903
List the prime factors of 181013763.
3, 7, 2287, 3769
List the prime factors of 35359919.
7, 721631
What are the prime factors of 56582439?
3, 167, 112939
List the prime factors of 6780134.
2, 31, 109357
Li